{"id":4199,"date":"2021-08-26T00:50:17","date_gmt":"2021-08-26T00:50:17","guid":{"rendered":"https:\/\/www.rilco.org\/14congreso\/?page_id=4199"},"modified":"2021-08-26T00:50:18","modified_gmt":"2021-08-26T00:50:18","slug":"pago","status":"publish","type":"page","link":"https:\/\/www.rilco.org\/14congreso\/pago\/","title":{"rendered":"Pago"},"content":{"rendered":"\n<p>Informaci\u00f3n para realizar el pago por ponencia desde el extranjero. (transferencia o dep\u00f3sito bancario)<\/p>\n\n\n\n<p>D\u00f3lares americanos (USD).<br><strong>Banco Intermediario: <\/strong>Standard Chartered Bank<br><strong>Plaza:<\/strong> Nueva York, N. Y.<br><strong>ABA:<\/strong> 026002561<\/p>\n\n\n\n<p><strong>SWIFT:<\/strong> SCBLUS33<\/p>\n\n\n\n<p><strong>Banco beneficiario:<\/strong> Banco del Baj\u00edo SA (SWIFT: BJIOMXMLXXX)<\/p>\n\n\n\n<p><strong>Cuenta Banco Beneficiario:<\/strong> 3544032457001<\/p>\n\n\n\n<p><strong>Beneficiario:<\/strong> RED DE INVESTIGACI\u00d3N LATINOAMERICANA EN COMPETITIVIDAD ORGANIZACIONAL<\/p>\n\n\n\n<p><strong>CLABE:<\/strong> 030441900014843610<\/p>\n","protected":false},"excerpt":{"rendered":"<p>Informaci\u00f3n para realizar el pago por ponencia desde el extranjero. (transferencia o dep\u00f3sito bancario) D\u00f3lares americanos (USD).Banco Intermediario: Standard Chartered BankPlaza: Nueva York, N. Y.ABA: 026002561 SWIFT: SCBLUS33 Banco beneficiario: Banco del Baj\u00edo SA (SWIFT: BJIOMXMLXXX) Cuenta Banco Beneficiario: 3544032457001 Beneficiario: RED DE INVESTIGACI\u00d3N LATINOAMERICANA EN COMPETITIVIDAD ORGANIZACIONAL CLABE: 030441900014843610<\/p>\n","protected":false},"author":1,"featured_media":0,"parent":0,"menu_order":0,"comment_status":"closed","ping_status":"closed","template":"","meta":{"footnotes":""},"class_list":["post-4199","page","type-page","status-publish","hentry","post"],"_links":{"self":[{"href":"https:\/\/www.rilco.org\/14congreso\/wp-json\/wp\/v2\/pages\/4199"}],"collection":[{"href":"https:\/\/www.rilco.org\/14congreso\/wp-json\/wp\/v2\/pages"}],"about":[{"href":"https:\/\/www.rilco.org\/14congreso\/wp-json\/wp\/v2\/types\/page"}],"author":[{"embeddable":true,"href":"https:\/\/www.rilco.org\/14congreso\/wp-json\/wp\/v2\/users\/1"}],"replies":[{"embeddable":true,"href":"https:\/\/www.rilco.org\/14congreso\/wp-json\/wp\/v2\/comments?post=4199"}],"version-history":[{"count":1,"href":"https:\/\/www.rilco.org\/14congreso\/wp-json\/wp\/v2\/pages\/4199\/revisions"}],"predecessor-version":[{"id":4200,"href":"https:\/\/www.rilco.org\/14congreso\/wp-json\/wp\/v2\/pages\/4199\/revisions\/4200"}],"wp:attachment":[{"href":"https:\/\/www.rilco.org\/14congreso\/wp-json\/wp\/v2\/media?parent=4199"}],"curies":[{"name":"wp","href":"https:\/\/api.w.org\/{rel}","templated":true}]}}