{"id":4010,"date":"2020-09-09T18:34:13","date_gmt":"2020-09-09T18:34:13","guid":{"rendered":"http:\/\/www.rilco.org.mx\/10congreso\/?page_id=4010"},"modified":"2021-04-30T16:52:40","modified_gmt":"2021-04-30T16:52:40","slug":"consultar-articulo","status":"publish","type":"page","link":"https:\/\/www.rilco.org\/10congreso\/","title":{"rendered":"Consultar art\u00edculo"},"content":{"rendered":"<h2 style=\"text-align: center;\"><span style=\"color: #808000;\">Consultar d\u00f3nde ser\u00e1 publicado mi art\u00edculo. \u00bfEn libro o revista?<\/span><\/h2>\n<p style=\"text-align: center;\"><a class=\"omsc-button omsc-no-custom-hover omsc-size-medium omsc-with-icon omsc-style-emboss omsc-text-bright\" href=\"http:\/\/www.rilco.org\/Carta\/index.php\" style=\"background-color:#c4a43c;border-color:#c4a43c;color:#f4f4f4\"><i class=\"fa fa-check-square-o\"><\/i>Consultar<\/a><\/p>\n<h3 style=\"text-align: center;\"><span style=\"color: #8d9134;\">FORMATO DE AUTORIZACI\u00d3N PARA PUBLICACI\u00d3N EN LIBRO O REVISTA<\/span><\/h3>\n<div class=\"omsc-accordion\"><\/p>\n<p><div class=\"omsc-toggle\"><div class=\"omsc-toggle-title\"><b>DESCARGAR Y SUBIR Formato de Autorizaci\u00f3n para publicaci\u00f3n<\/b><\/div><div class=\"omsc-toggle-inner\"><\/p>\n<p><strong>Instrucciones:<\/strong> descargar el Formato de Autorizaci\u00f3n para publicaci\u00f3n en libro o revista,\u00a0llenar los datos marcados dentro del documento y firmarlo.<\/p>\n<p style=\"text-align: center;\"><a href=\"http:\/\/www.rilco.org\/10congreso\/formatos\/autorizacion.docx\">DESCARGAR<\/a><\/p>\n<p style=\"text-align: left;\">Finalmente escanear en formato PDF\u00a0y subirlo a continuaci\u00f3n:<\/p>\n<p style=\"text-align: center;\"><div role=\"form\" class=\"wpcf7\" id=\"wpcf7-f1995-o1\" lang=\"es-ES\" dir=\"ltr\">\n<div class=\"screen-reader-response\"><\/div>\n<form action=\"\/10congreso\/wp-json\/wp\/v2\/pages\/4010#wpcf7-f1995-o1\" method=\"post\" class=\"wpcf7-form\" enctype=\"multipart\/form-data\" novalidate=\"novalidate\">\n<div style=\"display: none;\">\n<input type=\"hidden\" name=\"_wpcf7\" value=\"1995\" \/>\n<input type=\"hidden\" name=\"_wpcf7_version\" value=\"5.1.7\" \/>\n<input type=\"hidden\" name=\"_wpcf7_locale\" value=\"es_ES\" \/>\n<input type=\"hidden\" name=\"_wpcf7_unit_tag\" value=\"wpcf7-f1995-o1\" \/>\n<input type=\"hidden\" name=\"_wpcf7_container_post\" value=\"0\" \/>\n<\/div>\n<p><label> * Escribe tu n\u00famero de FOLIO, mismo que se encuentra en tu carta de aceptaci\u00f3n.<br \/>\n    <span class=\"wpcf7-form-control-wrap your-name\"><input type=\"text\" name=\"your-name\" value=\"\" size=\"40\" class=\"wpcf7-form-control wpcf7-text wpcf7-validates-as-required\" aria-required=\"true\" aria-invalid=\"false\" placeholder=\"FOLIO\" \/><\/span> <\/label><\/p>\n<p><label> * Correo electr\u00f3nico<br \/>\n    <span class=\"wpcf7-form-control-wrap your-email\"><input type=\"email\" name=\"your-email\" value=\"\" size=\"40\" class=\"wpcf7-form-control wpcf7-text wpcf7-email wpcf7-validates-as-required wpcf7-validates-as-email\" aria-required=\"true\" aria-invalid=\"false\" \/><\/span> <\/label><\/p>\n<p><br><label> * Cargar Autorizaci\u00f3n. Tama\u00f1o m\u00e1ximo [2MB], Tipo de archivo permitido [.pdf|.PDF]<\/p>\n<p><span class=\"wpcf7-form-control-wrap file-17\"><input type=\"file\" name=\"file-17\" size=\"40\" class=\"wpcf7-form-control wpcf7-file wpcf7-validates-as-required\" id=\"autorizacion\" accept=\".pdf,.PDF\" aria-required=\"true\" aria-invalid=\"false\" \/><\/span><\/p>\n<p><br><label> Todos los campos con (*) son obligatorios.<\/p>\n<p><input type=\"submit\" value=\"Enviar autorizaci\u00f3n\" class=\"wpcf7-form-control wpcf7-submit\" \/><\/p>\n<div class=\"wpcf7-response-output wpcf7-display-none\"><\/div><\/form><\/div><\/p>\n<p><\/div><\/div><\/p>\n<p><\/div>\n<p style=\"text-align: center;\">\n","protected":false},"excerpt":{"rendered":"<p>Consultar d\u00f3nde ser\u00e1 publicado mi art\u00edculo. \u00bfEn libro o revista? FORMATO DE AUTORIZACI\u00d3N PARA PUBLICACI\u00d3N EN LIBRO O REVISTA<\/p>\n","protected":false},"author":1,"featured_media":0,"parent":0,"menu_order":0,"comment_status":"closed","ping_status":"closed","template":"","meta":[],"_links":{"self":[{"href":"https:\/\/www.rilco.org\/10congreso\/wp-json\/wp\/v2\/pages\/4010"}],"collection":[{"href":"https:\/\/www.rilco.org\/10congreso\/wp-json\/wp\/v2\/pages"}],"about":[{"href":"https:\/\/www.rilco.org\/10congreso\/wp-json\/wp\/v2\/types\/page"}],"author":[{"embeddable":true,"href":"https:\/\/www.rilco.org\/10congreso\/wp-json\/wp\/v2\/users\/1"}],"replies":[{"embeddable":true,"href":"https:\/\/www.rilco.org\/10congreso\/wp-json\/wp\/v2\/comments?post=4010"}],"version-history":[{"count":14,"href":"https:\/\/www.rilco.org\/10congreso\/wp-json\/wp\/v2\/pages\/4010\/revisions"}],"predecessor-version":[{"id":4059,"href":"https:\/\/www.rilco.org\/10congreso\/wp-json\/wp\/v2\/pages\/4010\/revisions\/4059"}],"wp:attachment":[{"href":"https:\/\/www.rilco.org\/10congreso\/wp-json\/wp\/v2\/media?parent=4010"}],"curies":[{"name":"wp","href":"https:\/\/api.w.org\/{rel}","templated":true}]}}